{"id":39,"date":"2023-12-27T14:39:13","date_gmt":"2023-12-27T14:39:13","guid":{"rendered":"https:\/\/englishincoabroad.com\/?page_id=39"},"modified":"2024-01-19T10:38:35","modified_gmt":"2024-01-19T13:38:35","slug":"termos-e-condicoes","status":"publish","type":"page","link":"https:\/\/englishincoabroad.com\/index.php\/termos-e-condicoes\/","title":{"rendered":"Termos e Condi\u00e7\u00f5es"},"content":{"rendered":"<p><!-- Google tag (gtag.js) --><br \/>\n<script async src=\"https:\/\/www.googletagmanager.com\/gtag\/js?id=G-D3DCN8CK59\"><\/script><br \/>\n<script>\n  window.dataLayer = window.dataLayer || [];\n  function gtag(){dataLayer.push(arguments);}\n  gtag('js', new Date());<\/p>\n<p>  gtag('config', 'G-D3DCN8CK59');\n<\/script><\/p>\n<p>A English in Co. Abroad tem o compromisso de fornecer orienta\u00e7\u00e3o e suporte abrangentes para ajudar os alunos em seu processo de inscri\u00e7\u00e3o na faculdade. Entretanto, \u00e9 importante observar que n\u00e3o podemos garantir ou prometer a aceita\u00e7\u00e3o em nenhuma faculdade ou universidade. A decis\u00e3o final de admiss\u00e3o \u00e9 determinada pelas respectivas institui\u00e7\u00f5es e depende de v\u00e1rios fatores, incluindo desempenho acad\u00eamico, realiza\u00e7\u00f5es extracurriculares, pontua\u00e7\u00f5es em testes padronizados e outros. Embora nos esforcemos para preparar os alunos da melhor forma poss\u00edvel, o resultado de sua inscri\u00e7\u00e3o na faculdade \u00e9 influenciado, em \u00faltima an\u00e1lise, por uma s\u00e9rie de vari\u00e1veis externas que est\u00e3o fora do nosso controle. A English in Co. Abroad n\u00e3o oferece garantia de admiss\u00e3o, e todos os esfor\u00e7os feitos por nossa empresa est\u00e3o de acordo com as diretrizes e exig\u00eancias das faculdades e universidades \u00e0s quais os alunos se candidatam.<\/p>\n","protected":false},"excerpt":{"rendered":"<p>A English in Co. Abroad tem o compromisso de fornecer orienta\u00e7\u00e3o e suporte abrangentes para ajudar os alunos em seu processo de inscri\u00e7\u00e3o na faculdade. [&hellip;]<\/p>\n","protected":false},"author":1,"featured_media":0,"parent":0,"menu_order":3,"comment_status":"closed","ping_status":"closed","template":"","meta":{"om_disable_all_campaigns":false,"footnotes":""},"class_list":["post-39","page","type-page","status-publish","hentry"],"aioseo_notices":[],"_links":{"self":[{"href":"https:\/\/englishincoabroad.com\/index.php\/wp-json\/wp\/v2\/pages\/39","targetHints":{"allow":["GET"]}}],"collection":[{"href":"https:\/\/englishincoabroad.com\/index.php\/wp-json\/wp\/v2\/pages"}],"about":[{"href":"https:\/\/englishincoabroad.com\/index.php\/wp-json\/wp\/v2\/types\/page"}],"author":[{"embeddable":true,"href":"https:\/\/englishincoabroad.com\/index.php\/wp-json\/wp\/v2\/users\/1"}],"replies":[{"embeddable":true,"href":"https:\/\/englishincoabroad.com\/index.php\/wp-json\/wp\/v2\/comments?post=39"}],"version-history":[{"count":4,"href":"https:\/\/englishincoabroad.com\/index.php\/wp-json\/wp\/v2\/pages\/39\/revisions"}],"predecessor-version":[{"id":128,"href":"https:\/\/englishincoabroad.com\/index.php\/wp-json\/wp\/v2\/pages\/39\/revisions\/128"}],"wp:attachment":[{"href":"https:\/\/englishincoabroad.com\/index.php\/wp-json\/wp\/v2\/media?parent=39"}],"curies":[{"name":"wp","href":"https:\/\/api.w.org\/{rel}","templated":true}]}}